-72) - 3/27*1?
2, 3, 383
Let o = -24 - -35. Suppose -55 = -o*v + 55. Suppose 0 = -4*s + k + 30, 15*s + v = 16*s + k. What are the prime factors of s?
2
Let a be 0 - (-126)/9 - 7. Let u(r) = -r**3 + 2*r**2 + 3*r. Let n be u(-2). Suppose n*o - 276 = a*o. List the prime factors of o.
2, 23
Suppose -56*t + 24*t - 36*t = -5753548. List the prime factors of t.
211, 401
Let s(i) = 10349 - 10379 + i**2 + 47*i + 2*i**3 + 98*i**2. List the prime factors of s(-49).
2, 17
Let b(d) = -d**3 + 8*d**2 - 10*d + 29. Let f be b(7). Suppose 14*h = f*h + 2292. Let y = h + -204. What are the prime factors of y?
2, 89
Let j = 8227 + -4345. What are the prime factors of j?
2, 3, 647
Suppose 14532 - 99924 = -12*w. What are the prime factors of w?
2, 3, 593
List the prime factors of -9 + -1 - (2525278 - -14)/(-33).
2, 67, 571
Let p(l) = 899*l**2 + 122*l + 475. What are the prime factors of p(-4)?
7, 2053
Let j = -895 - -1521. Suppose 5*r + j = 3*x, 5*r + 366 = 2*r + 5*x. Let a = -64 - r. What are the prime factors of a?
3, 7
Suppose -5*a + 64 = 2*v - 5*v, 2*a = 4. Let r be ((-6)/5)/(v/10 - -2). List the prime factors of 168 + r/(12/2).
167
Let k = 171 + 236. Suppose 4*f + 756 = x - k, 4*x + 3*f - 4557 = 0. List the prime factors of x.
3, 127
Let w = -18 + 20. Suppose w*o + 10 = 5*u, 2*o = -5*u + 13 + 17. Suppose -4*r + 812 = -u*v, -2*r + 336 + 65 = 3*v. What are the prime factors of r?
2, 101
Let z(p) = -44*p - 180. Let s be z(-33). Suppose 0*x = 3*x - 5*y - s, -5*y = 5*x - 2160. What are the prime factors of x?
3, 11, 13
Let q = 12146 + -7999. Suppose 4*y + 47*f - 4145 = 46*f, 0 = -4*y - 3*f + q. List the prime factors of y.
2, 7, 37
Let t(b) = 190*b**3 + 2*b**2 + b - 54. What are the prime factors of t(4)?
2, 13, 467
Suppose -2*m = -8, 8*s = 3*s + 4*m - 11. Let p be 1/((1*s/1)/(-291)). Let g = p - -433. List the prime factors of g.
2, 71
Suppose 97*y = 96*y + 944. Let n = y - 597. List the prime factors of n.
347
Let y = 65 + -126. Let o = 62 + y. List the prime factors of (141/(-9))/(o/(-3)).
47
Let i(n) = 277*n**3 - 11*n**2 - 3*n + 1. Let j be i(3). Suppose -17*q + j + 2114 = 0. List the prime factors of q.
2, 3, 31
Let a(n) = 347*n - 7. Let y be a(-7). List the prime factors of y/(-35) + -3*2/(-15).
2, 5, 7
Suppose 10 = -2*f + 5*x, 0 = -5*f - 3*x + 6 - 0. Suppose f = -l - 5*d + 149, 724 = l + 4*l + 4*d. List the prime factors of l.
2, 3
Let v = -780 - -3264. Let l = 4150 - v. What are the prime factors of l?
2, 7, 17
Let d be 2/4*0/(-6). Let i be (11 - 10)*(154 + 1) - d. Suppose i = 5*t - 305. List the prime factors of t.
2, 23
Let u(b) = 3*b**2 - 12*b - 9. Suppose -2*f = -2*k + 3*k + 16, -46 = 4*f - 5*k. What are the prime factors of u(f)?
2, 3, 19
Let m = 477 - 471. List the prime factors of (24/m - 9)*(0 + -234).
2, 3, 5, 13
Suppose 56 + 392 = -8*v. Let o = v + 58. Suppose o*q + 624 = 10*q. What are the prime factors of q?
2, 3, 13
Let q = 48152 - -23192. What are the prime factors of q?
2, 7, 13
Let c(q) = 33*q**2 + 5*q - 2. Let h(s) = -s**3 + 6*s**2 + 7*s - 39. Let x be h(6). List the prime factors of c(x).
2, 5, 31
Suppose 1759*a - 8003742 = 1441*a. What are the prime factors of a?
25169
Let j be ((-44)/12 - -1) + (-10)/(-15). Let d be 1/(-4) - (-3823)/(-4). What are the prime factors of (-1 - -2)/j + d/(-8)?
7, 17
Suppose 30 = 5*p - 50. Suppose -4*g = p - 4, -3*q = -g - 1716. What are the prime factors of q?
571
Suppose 239994 = -53*p + 696854. List the prime factors of p.
2, 5, 431
Suppose 0 = 4*m - 20, -3*v = -0*v + 2*m - 28. Suppose -2*r = -3*p - 13, -p = -v*r + r. What are the prime factors of (r + 4/((-16)/4))*-10?
2, 5
Suppose 0 = -7*x + 8 - 78. Let v be ((-138)/8)/(x/(-40)). Let r = v - -82. What are the prime factors of r?
13
Suppose 1 = 9*z + 10. Let i be z/(((-2)/10)/(8 - 7)). Suppose -5*o - 530 = -5*t, -107 = -t - i*o + 7*o. List the prime factors of t.
3, 5, 7
Let s be ((-20)/(-7))/(12/42). Let x be (-1 + -2)*7/(3 - s). What are the prime factors of x/((-6)/8) - -39?
5, 7
Suppose -3*r = -4*h - 50, -3*r + 44 = -h - 0*h. Let z be ((-96)/(-10))/(r/245). Let a = z - 92. List the prime factors of a.
2, 19
Let d(q) = 3*q**2 + 0*q - 14*q + 30 + 60*q. List the prime factors of d(-18).
2, 3, 29
List the prime factors of (22/(-3))/(366/(-1597041)).
11, 2909
Let g be (8 + (-58)/8)*4. Suppose 0 = g*d - 5*d - 10, -5*d + 417 = 2*v. List the prime factors of v.
13, 17
Let p(h) = -h**3 + 80*h - 45. What are the prime factors of p(-24)?
3, 59, 67
Let b be (0/7)/(-2)*-1. Suppose b = -l + 5*a + 264, 4*l - 3*a - 1685 = -680. What are the prime factors of l?
3, 83
What are the prime factors of (-52 - -2)*-1*((-441408)/(-110))/22?
2, 3, 5, 19
Let n = 119 - 117. Suppose 2*r - 5*u = -20, -n*r + 5*u = u + 18. Let t = r + 36. What are the prime factors of t?
31
Suppose -19*h + 25*h - 120 = 0. Suppose 10*q + 80 = h. Let s(f) = 7*f**2 + 13*f + 43. What are the prime factors of s(q)?
7, 31
Let k(j) = 4*j**3 - 15*j**2 + 6*j - 5. Let a be 10/(-4)*4/5. Let z(c) = 3*c**3 - 16*c**2 + 5*c - 5. Let u(w) = a*k(w) + 3*z(w). List the prime factors of u(18).
7
What are the prime factors of (-498)/(((-3)/(-10))/(9017/(-635)))?
2, 71, 83
Suppose s = -5*y + 229174, 5*y + 3*s - 132416 - 96756 = 0. List the prime factors of y.
5, 89, 103
Suppose 0 = 5*r + p - 5*p - 18, 2*r - p - 6 = 0. Suppose 0*h + 4 = 5*h + r*j, -5*j - 19 = -2*h. What are the prime factors of 1 + -2*(-35)/h?
2, 3
Let r(j) = 374*j**2 - j + 2. Suppose 0 = -d + 11*d - 10. What are the prime factors of r(d)?
3, 5
Let i be (-4)/(-8) + (-1025)/(-10). Suppose 27 = -b + i. Suppose 4*d - 4*a = 56 + b, -27 = -d - 5*a. List the prime factors of d.
2
Suppose 27873 = v + 40*l - 41*l, -5*l = -2*v + 55767. What are the prime factors of v?
2, 13933
Let y be (-6 - -2704)*(3 + -1). Suppose 8*b + 1484 = y. List the prime factors of b.
3, 163
Suppose 1885 = -4*y - q, -3*y + 4*q - 9*q - 1401 = 0. List the prime factors of ((-51)/170 + 1/(-5))*y.
2, 59
Suppose 0 = 2*p + 2428 + 2156. What are the prime factors of p/(-21)*(-28)/(-8)?
2, 191
Let t(j) = -6*j**3 - 8*j**2 + 7*j - 33. What are the prime factors of t(-11)?
2, 11, 157
Let w = -9323 - -13751. List the prime factors of w.
2, 3, 41
Let t be 2/2 + 2 + (18 - 19). Suppose 0 = -4*f + 12, -5*l - t + 0 = -4*f. Suppose -l*y + 0*y + 5*d = -251, -3*d - 123 = -y. What are the prime factors of y?
2, 3, 23
Let r(o) = -97*o - 2824. List the prime factors of r(-92).
2, 5, 61
Let v = -2337 - -9258. What are the prime factors of v?
3, 769
Let w(d) = 2*d**2 + 12*d - 16. Let t(s) = 3*s - 10. Let g be t(4). Suppose -g*m - m = 3*u + 33, 1 = -2*m + 5*u. List the prime factors of w(m).
2
Suppose 2*r + 15 = x + 4*x, 0 = 3*x - 15. Suppose 767 - 2297 = 5*n + r*a, -3*n - 2*a = 919. List the prime factors of 3 + (-70)/21 + n/(-3).
2, 3, 17
Let a(f) = -3*f + 103. Let n = -20 - -22. Suppose 4 = 3*g - 4*i, 5 = -n*g + 5*g - 5*i. What are the prime factors of a(g)?
103
Let u = -131728 - -201162. What are the prime factors of u?
2, 149, 233
Suppose 31 = 5*t - v, -3*t - 5 + 6 = -5*v. Suppose -2*x = -2*c + t*c - 125, -3*x - 2*c + 182 = 0. What are the prime factors of x?
2, 3, 5
Let f(i) = -i**3 - 8*i**2 + 2. Let h be f(-8). Let d be 236 - -1 - (-4 - h - -4). Suppose -a = 5*w - d, 5*a + 3*w - 452 = 633. List the prime factors of a.
2, 107
Let f(o) = -11*o**2 - 11*o - 76. Let d(w) = 5*w**2 + 6*w + 38. Let v(y) = 9*d(y) + 4*f(y). List the prime factors of v(-16).
2, 67
Suppose 0 = 4*i + 2*d - 660, 0 = -2*i - 0*d + 3*d + 306. List the prime factors of i.
2, 3
Suppose -207613 = 44*v + 50*v - 113*v. What are the prime factors of v?
7, 223
Let s(x) = 2*x**2 + 14*x + 18. Suppose 3*v + 11 = -16. Let c be s(v). Suppose -b - 11 = -c. What are the prime factors of b?
43
Suppose -152*j + 4020 = -164*j. Let g = 519 + j. What are the prime factors of g?
2, 23
Let p(j) = j**3 - 2*j**2 + 5*j. Let c be p(3). Let y be c/10*(-35)/(-14). Let r(m) = m**3 - 4*m**2 - 8*m + 9. List the prime factors of r(y).
3, 11
Let y(s) = 531*s**2 + s. Let j be y(-1). Suppose 2*x - 143 + 135 = 0. Suppose j = 6*l + x*l. List the prime factors of l.
53
Suppose 0 = 9*k - 1856 - 1240. Let z = -78 + k. List the prime factors of z.
2, 7, 19
Suppose -101*h = -100*h. Suppose h = -d + 3*k - 32 - 249, -2*d - 2*k = 602. Let f = -210 - d. What are the prime factors 